atest common factor of 24 and k.
24
Let a(f) = 4*f**2 - 4*f + 1. Let w be a(-5). Let r be (-4495)/(-403) - 2/13. Calculate the highest common divisor of r and w.
11
Let a(q) = q - 10. Let g(r) = r - 10. Let c(w) = 3*a(w) - 4*g(w). Let z be c(6). Calculate the highest common factor of z and 8.
4
Let o = 5 - 8. Let q be 2*(-3)/(o/4). What is the greatest common divisor of 72 and q?
8
Suppose -6 = -4*i - 5*w, 3*w + 5 = -1. Suppose -3*a + 13 = 7. Suppose -2 = -a*q + 22. Calculate the highest common divisor of q and i.
4
Suppose 62*v - 58*v - 144 = 0. Suppose -3*p = -4*p + 4. What is the highest common factor of p and v?
4
Suppose 0 = 5*f - 3210 + 450. Suppose 102 = -5*i + f. Let b = -27 + 42. Calculate the greatest common divisor of b and i.
15
Suppose -3*o = -4*t - 56, 0 = -2*o - 15*t + 10*t + 45. Calculate the highest common factor of 4 and o.
4
Suppose 15 = 3*b - 3*v, 2*b - 3 = 4*v + 13. Suppose b*q = -q + 429. Let l = 2 + 11. Calculate the highest common divisor of l and q.
13
Let n = 26 + -24. Suppose 5*h + a - 22 = 0, 3*h = a + 4*a + 2. What is the highest common factor of n and h?
2
Suppose 1 + 1 = -2*t, -3*h = t - 32. What is the greatest common divisor of h and 44?
11
Suppose -3*s + 612 = -5*s. Let n = 458 + s. What is the highest common factor of 19 and n?
19
Suppose -4*p = -3*k + 30, -3*p = -5*k + k + 19. Let w be (-102)/4*12/p. Suppose 4*s - w = 26. Calculate the highest common factor of 75 and s.
15
Suppose -h + 328 + 72 = 4*o, 0 = -4*o - 5*h + 400. Let y(w) = 4*w**3 - 2*w**2 - 2*w. Let l be y(2). What is the highest common divisor of o and l?
20
Suppose -2*u + 33 = f - 92, 0 = 4*f + 4. What is the greatest common factor of 9 and u?
9
Let n be (-2)/9 - 708/(-27). What is the highest common factor of 104 and n?
26
Let r(w) = w + 9. Let v be r(-9). Suppose v*f = 2*f. Suppose m - 6 = -f*m. What is the greatest common divisor of 30 and m?
6
Let d be ((-108)/45)/((-6)/20). Suppose 0 = -0*y - y + d. What is the highest common divisor of 72 and y?
8
Let j = 310 - 175. Suppose j = -z + 2*z. Calculate the greatest common divisor of z and 54.
27
Let n = 33 - 19. What is the greatest common factor of n and 14?
14
Let z(c) = -12*c - 39. Let h be z(-4). What is the greatest common factor of 27 and h?
9
Suppose 3*h = -2*h + 280. Let a(i) = i**3 - 4*i**2 + 1. Let q be a(4). Let v be q/(-2) - (-30)/4. What is the greatest common factor of v and h?
7
Suppose -5*s = -3*v - 330 + 102, -5*s + 256 = 4*v. Let h = -5 - -21. What is the greatest common divisor of h and s?
16
Let u be 1/4 + 203/4. Let g(n) = -n**2 - 7*n + 7. Let a be g(-5). Let z be -1 + a - (0 - 1). Calculate the greatest common divisor of z and u.
17
Suppose 187 = 4*h - o - 0*o, -2*o + 154 = 3*h. What is the greatest common factor of 72 and h?
24
Suppose -32 = -3*c + 4*i, 4*c - 14 = 3*i + 31. Let f(o) = o**2 + o + 18. Let s be f(-6). Calculate the greatest common divisor of c and s.
12
Suppose 13*p + 0*p = 429. What is the greatest common divisor of p and 3?
3
Let u = 73 + -70. Calculate the highest common factor of u and 33.
3
Let z be ((-16)/5)/(4/(-10)). What is the highest common divisor of 8 and z?
8
Suppose -60 = -g - 4*g. Let w be (-2)/4*-6 + 3. Calculate the greatest common divisor of w and g.
6
Let r(u) = -u**2 - 6*u - 6. Let o be r(-7). Let a = -6 - o. Calculate the greatest common factor of 1 and a.
1
Suppose 5*a = 54 + 66. Suppose 3*u - 4 + 13 = 0. Let t be ((-3)/(-2))/u*-12. What is the highest common factor of t and a?
6
Let m be (1 - -6)*(-3)/(-3). Suppose 367 = -2*o + m*o - 2*h, 4*h = o - 59. Calculate the highest common factor of o and 25.
25
Suppose 0 = -2*x + 5*o - 1, 6*o = 2*x + 3*o - 5. Suppose 4*j = -j + 15. Suppose 0 = j*b + b - 56. Calculate the highest common factor of x and b.
7
Let n = 14 - 13. Suppose 4*v = o + 3, -v + 2*o = -6*v + 7. Calculate the highest common divisor of n and v.
1
Suppose 3*k - 2*s - 4123 = 0, 2*s - s + 2749 = 2*k. Suppose -4*m + k = m. Suppose -m = x - 6*x. Calculate the greatest common divisor of 11 and x.
11
Let c(m) = -3*m - 5. Let h be c(-4). Suppose 4*f = h + 13. Calculate the highest common factor of f and 10.
5
Suppose -10*l + 15*l = 190. Let w be ((37 - -1)*-1)/(-2). What is the highest common factor of l and w?
19
Suppose -2*w = -4*w + 4. Suppose -4*d + w*d = 0. Suppose 4*t - 351 - 177 = d. Calculate the highest common divisor of t and 12.
12
Let h = -4 + 12. Let o(d) = -d**2 + 10*d + 1. Let p be o(h). Calculate the highest common divisor of p and 51.
17
Suppose -5*p + 34 + 31 = 0. Calculate the greatest common divisor of p and 13.
13
Suppose -4*c - 88 = -2*u, 2*u = c + c + 48. Let t be (-3 + -2)*12/c. What is the greatest common factor of 3 and t?
3
Let m(j) = -3*j + 48. Let b be m(13). What is the greatest common factor of b and 1?
1
Suppose -2*c + 525 = c. What is the greatest common divisor of c and 25?
25
Let c(q) be the second derivative of q**3/3 - 2*q**2 + 4*q. Let x be c(5). Let a be (-54)/(2*x/(-16)). Calculate the greatest common factor of a and 18.
18
Let r(c) = -8*c - 5. Let s be r(-5). Let v = s + -22. Suppose -2*a + 14 = -12. What is the highest common divisor of v and a?
13
Let x be ((-10)/(-4))/(18/252). What is the greatest common factor of 7 and x?
7
Let j(l) = -6*l - 1. Let v be j(-6). Let h(m) = m**3 - 5*m**2 + 7*m - 5. Let d be h(4). Calculate the highest common factor of d and v.
7
Suppose 2*r + 2 - 14 = 0. Let g(k) = 5*k**3 + 2*k**2 - 2*k + 1. Let u be g(1). What is the highest common divisor of u and r?
6
Let f = 20 - 10. Suppose 5*q - 5*k = -4*k - 13, f = -4*q + k. Let h be (-188)/(-20) + q/(-5). Calculate the highest common factor of 80 and h.
10
Suppose 2*p - 648 = -6*p. Calculate the greatest common factor of p and 54.
27
Let l(t) = 3*t - 12. Let b be l(6). What is the greatest common factor of b and 42?
6
Let n be (-145 + 0)*(-2 - -1). Let r = -81 + n. Suppose -3*m + 292 = r. Calculate the greatest common divisor of 19 and m.
19
Let b = 111 + -102. What is the greatest common factor of 63 and b?
9
Let k(y) = -y**3 - 3*y**2 - y - 3. Let n be k(-3). Suppose n = -3*l + 40 + 44. What is the greatest common factor of l and 112?
28
Suppose -5*p + 2*p = -270. Calculate the highest common factor of p and 10.
10
Suppose -3*l = -7*l + 12. What is the greatest common divisor of 6 and l?
3
Suppose -b + 415 = 5*x - 9, -x + 2*b + 87 = 0. Calculate the highest common divisor of x and 17.
17
Let c be 4*(-1)/2*1. Let l be 7/(1 + c/3). What is the highest common divisor of 7 and l?
7
Let m = 2 + 0. Suppose 3*g - 23 + m = -3*a, 4*a - 23 = -5*g. What is the highest common factor of a and 4?
4
Let o(a) = -3*a**2 - a + 60. Let r be o(0). Let j(v) = -3*v + 3. Let m be j(-3). Calculate the highest common factor of m and r.
12
Let k be 96/15 + (-4)/10. Let m = k - 6. Let o be (-3 + m)*(-24 - 0). What is the greatest common divisor of o and 8?
8
Let f(l) = -5*l + 19. Let q be f(-16). Calculate the greatest common divisor of q and 9.
9
Suppose -93 = -26*n + 23*n. What is the greatest common divisor of n and 217?
31
Let c(y) = 4*y**2 - 6*y + 5. Let h be c(4). Let q be (-2 - (-1 - -4)) + 1 + 22. What is the highest common factor of h and q?
9
Let d be (-6)/24 - (-42)/8. Let z(m) = -m**2 + 5*m + 4. Let h be z(d). Let s = 2 - -8. Calculate the greatest common divisor of h and s.
2
Let n(c) = 6*c**2 - c**3 + c - 3*c - 2*c**2. Let r be n(3). Let p be r*((-1)/(-3) - -1). What is the highest common divisor of p and 1?
1
Suppose -54 = -3*d - 3*k, -2*k = -3*k. What is the greatest common factor of 144 and d?
18
Let c be 12/(-4) - 87/(-1). Calculate the highest common factor of 12 and c.
12
Let n = 90 - 36. Calculate the highest common divisor of 6 and n.
6
Let q be 1*-1 - (5 + 1). Let j = -13 - q. Let v be 33/2 + 3/j. Calculate the highest common factor of 4 and v.
4
Let w(b) = 4*b + 24. Let q be w(10). Let n(s) = 3*s**2 + 3*s - 2. Let z be n(-3). Calculate the highest common factor of z and q.
16
Let l be (40/(-6))/((-3)/9). Let a(q) be the second derivative of -q**3/6 + 80*q**2 + 2*q. Let b be a(0). Calculate the greatest common divisor of l and b.
20
Let f = 23 + -20. Suppose -5*j - 53 = -158. Calculate the highest common factor of j and f.
3
Let h be 17 - (-4)/8*2. Suppose -4*b = -62 + h. Calculate the highest common factor of b a